he ten thousands digit of 10162425?
6
What is the millions digit of 206669507?
6
What is the thousands digit of 52039863?
9
What is the tens digit of 574794509?
0
What is the hundred thousands digit of 286418953?
4
What is the ten thousands digit of 32708339?
0
What is the hundreds digit of 1380275132?
1
What is the units digit of 130586699?
9
What is the ten millions digit of 545287851?
4
What is the millions digit of 33937166?
3
What is the ten millions digit of 57307338?
5
What is the units digit of 46581193?
3
What is the ten millions digit of 151754365?
5
What is the hundred thousands digit of 198155604?
1
What is the units digit of 1665160381?
1
What is the billions digit of 1030542821?
1
What is the thousands digit of 943669672?
9
What is the hundred millions digit of 168254642?
1
What is the ten thousands digit of 51904330?
0
What is the thousands digit of 184443278?
3
What is the millions digit of 196336256?
6
What is the thousands digit of 113798932?
8
What is the hundred millions digit of 635344408?
6
What is the billions digit of 2403469043?
2
What is the thousands digit of 96210167?
0
What is the ten thousands digit of 44899305?
9
What is the hundred thousands digit of 10299650?
2
What is the tens digit of 8175680830?
3
What is the ten thousands digit of 12104031?
0
What is the tens digit of 526239139?
3
What is the ten millions digit of 10280215?
1
What is the hundred millions digit of 638397416?
6
What is the ten millions digit of 874900606?
7
What is the units digit of 1114156027?
7
What is the units digit of 73765780?
0
What is the millions digit of 39861518?
9
What is the hundred millions digit of 405401746?
4
What is the millions digit of 906671025?
6
What is the millions digit of 237985434?
7
What is the tens digit of 207127779?
7
What is the ten millions digit of 56911178?
5
What is the hundreds digit of 302054705?
7
What is the millions digit of 601762795?
1
What is the hundred thousands digit of 83599425?
5
What is the tens digit of 14995438?
3
What is the hundred thousands digit of 2120818116?
8
What is the thousands digit of 850378110?
8
What is the hundreds digit of 2103118000?
0
What is the hundreds digit of 87544649?
6
What is the hundred millions digit of 2205881901?
2
What is the ten millions digit of 149807264?
4
What is the thousands digit of 258383730?
3
What is the millions digit of 175081806?
5
What is the ten thousands digit of 83538469?
3
What is the units digit of 27504728?
8
What is the ten millions digit of 160770481?
6
What is the millions digit of 85467385?
5
What is the ten thousands digit of 31809901?
0
What is the thousands digit of 52768487?
8
What is the ten thousands digit of 4326052015?
5
What is the thousands digit of 452333813?
3
What is the hundred thousands digit of 68533350?
5
What is the hundreds digit of 2585886625?
6
What is the millions digit of 1878353187?
8
What is the ten millions digit of 3887861504?
8
What is the ten millions digit of 62842698?
6
What is the hundreds digit of 44664275?
2
What is the thousands digit of 3742651619?
1
What is the millions digit of 728375306?
8
What is the hundreds digit of 60475237?
2
What is the millions digit of 165645486?
5
What is the ten thousands digit of 74787393?
8
What is the units digit of 97834545?
5
What is the tens digit of 162320150?
5
What is the ten millions digit of 1967907455?
6
What is the tens digit of 79399327?
2
What is the thousands digit of 669831361?
1
What is the ten thousands digit of 2240939594?
3
What is the ten thousands digit of 7992620?
9
What is the hundred thousands digit of 448513916?
5
What is the thousands digit of 162978561?
8
What is the millions digit of 319868655?
9
What is the thousands digit of 122729446?
9
What is the thousands digit of 93707976?
7
What is the hundred millions digit of 136445982?
1
What is the tens digit of 240748189?
8
What is the hundred millions digit of 814191451?
8
What is the millions digit of 5150141641?
0
What is the hundred thousands digit of 558442932?
4
What is the millions digit of 2184687?
2
What is the hundred thousands digit of 23641030?
6
What is the units digit of 374156?
6
What is the ten millions digit of 200733360?
0
What is the ten millions digit of 127658275?
2
What is the millions digit of 58344873?
8
What is the ten millions digit of 823553707?
2
What is the ten thousands digit of 68277412?
7
What is the thousands digit of 2611057?
1
What is the millions digit of 38982381?
8
What is the units digit of 231413087?
7
What is the millions digit of 803812278?
3
What is the hundreds digit of 27275608?
6
What is the thousands digit of 2745785021?
5
What is the millions digit of 106429254?
6
What is the hundred millions digit of 330189653?
3
What is the units digit of 5783952949?
9
What is the billions digit of 4685011326?
4
What is the millions digit of 104675515?
4
What is the hundreds digit of 36232450?
4
What is the ten thousands digit of 247265333?
6
What is the tens digit of 1202748061?
6
What is the ten thousands digit of 83342923?
4
What is the ten thousands digit of 66066545?
6
What is the hundred millions digit of 304703908?
3
What is the units digit of 863466563?
3
What is the tens digit of 15189031?
3
What is the hundred thousands digit of 44616008?
6
What is the thousands digit of 347548549?
8
What is the millions digit of 9632206?
9
What is the hundreds digit of 202578028?
0
What is the ten thousands digit of 69381305?
8
What is the billions digit of 1369917486?
1
What is the hundreds digit of 2929180138?
1
What is the hundred millions digit of 1550698589?
5
What is the units digit of 227375966?
6
What is the tens digit of 7357693966?
6
What is the tens digit of 808320127?
2
What is the ten millions digit of 70560789?
7
What is the ten thousands digit of 500312678?
1
What is the millions digit of 41927240?
1
What is the units digit of 66132725?
5
What is the hundred thousands digit of 646957520?
9
What is the thousands digit of 1801640251?
0
What is the millions digit of 73410339?
3
What is the hundreds digit of 2706433609?
6
What is the ten thousands digit of 78049239?
4
What is the ten millions digit of 2802285822?
0
What is the thousands digit of 58115045?
5
What is the tens digit of 7012273726?
2
What is the hundreds digit of 90586228?
2
What is the hundred thousands digit of 1227633448?
6
What is the ten thousands digit of 925942927?
4
What is the ten thousands digit of 1529987925?
8
What is the hundred thousands digit of 14021253?
0
What is the hundred thousands digit of 924367494?
3
What is the thousands digit of 445205100?
5
What is the ten thousands digit of 486370831?
7
What is the hundred millions digit of 5908354978?
9
What is the millions digit of 31368032?
1
What is the millions digit of 429049909?
9
What is the hundreds digit of 1568801872?
8
What is the tens digit of 1050938801?
0
What is the thousands digit of 814472074?
2
What is the millions digit of 665275739?
5
What is the millions digit of 12190322?
2
What is the units digit of 1560573068?
8
What is the ten thousands digit of 687299954?
9
What is the ten thousands digit of 55603080?
0
What is the ten millions digit of 34977939?
3
What is the hundred millions digit of 135206718?
1
What is the ten thousands digit of 636734920?
3
What is the units digit of 111122298?
8
What is the hundreds digit of 147310907?
9
What is the units digit of 426411143?
3
What is the millions digit of 83410638?
3
What is the hundred millions digit of 5654494678?
6
What is the thousands digit of 3834328940?
8
What is the millions digit of 426017437?
6
What is the hundred thousands digit of 491624564?
6
What is the thousands digit of 56556005?
6
What is the hundred thousands digit of 536630564?
6
What is the ten millions digit of 682282335?
8
What is the hundreds digit of 2499365605?
6
What is the ten millions digit of 37638185?
3
What is the ten millions digit of 123485561?
2
What is the millions digit of 30110612?
0
What is the millions digit of 2016590422?
6
What is the hundred thousands digit of 1992114935?
1
What is the hundreds digit of 7588698?
6
What is the hundred thousands digit of 6014869004?
8
What is the ten millions digit of 214102783?
1
What is the hundred thousands digit of 1519946323?
9
What is 